{"id":4,"date":"2014-01-20T21:11:54","date_gmt":"2014-01-20T21:11:54","guid":{"rendered":"http:\/\/farbbewusst.com\/?page_id=4"},"modified":"2023-06-01T19:23:12","modified_gmt":"2023-06-01T19:23:12","slug":"ueber-mich","status":"publish","type":"page","link":"https:\/\/farbbewusst.com\/?page_id=4","title":{"rendered":"\u00dcber Mich"},"content":{"rendered":"\n<p>Ich glaube, Dinge sind es nur wert getan zu werden, wenn wir sie mit Freude tun.<\/p>\n\n\n\n<figure class=\"wp-block-image\"><img loading=\"lazy\" decoding=\"async\" width=\"1707\" height=\"2560\" src=\"https:\/\/farbbewusst.com\/wp-content\/uploads\/2023\/06\/1685646546595-scaled.jpg\" alt=\"\" class=\"wp-image-51\" srcset=\"https:\/\/farbbewusst.com\/wp-content\/uploads\/2023\/06\/1685646546595-scaled.jpg 1707w, https:\/\/farbbewusst.com\/wp-content\/uploads\/2023\/06\/1685646546595-200x300.jpg 200w, https:\/\/farbbewusst.com\/wp-content\/uploads\/2023\/06\/1685646546595-683x1024.jpg 683w, https:\/\/farbbewusst.com\/wp-content\/uploads\/2023\/06\/1685646546595-768x1152.jpg 768w, https:\/\/farbbewusst.com\/wp-content\/uploads\/2023\/06\/1685646546595-1024x1536.jpg 1024w, https:\/\/farbbewusst.com\/wp-content\/uploads\/2023\/06\/1685646546595-1366x2048.jpg 1366w\" sizes=\"auto, (max-width: 1707px) 100vw, 1707px\" \/><\/figure>\n\n\n\n<ul class=\"wp-block-list\">\n<li>Freude macht mir die Arbeit f\u00fcr und mit Menschen.<\/li>\n\n\n\n<li>Freude macht mir&nbsp; modische Bekleidung und deren optimale Kombination.<\/li>\n\n\n\n<li>Freude machen mir Farben und was sie in uns bewirken.<\/li>\n<\/ul>\n\n\n\n<p>Das waren meine Beweggr\u00fcnde, warum ich 2013, neben meiner T\u00e4tigkeit im Gesundheitsmanagement, eine Ausbildung zur &#8222;Ganzheitlichen Farbberaterin&#8220; am Institut f\u00fcr integrative Farbberatung bei Elke Diemar startete und erfolgreich abschloss.<\/p>\n\n\n\n<p>Abgerundet habe ich dies noch mit einer Weiterbildung&nbsp; zum Thema &#8222;Farb- und typgerechtes Make-up&#8220;.<\/p>\n\n\n\n<p>Und nun m\u00f6chte ich Sie einladen mit mir gemeinsam sich Ihrer Farben bewusst zu werden.<\/p>\n\n\n\n<p>Rufen Sie mich einfach an, schreiben Sie mir eine Mail oder st\u00f6bern Sie hier auf meiner Website f\u00fcr weitere Informationen!<\/p>\n\n\n\n<p>Ihre Antje Weise-Rake<\/p>\n","protected":false},"excerpt":{"rendered":"<p>Ich glaube, Dinge sind es nur wert getan zu werden, wenn wir sie mit Freude tun. Das waren meine Beweggr\u00fcnde, warum ich 2013, neben meiner T\u00e4tigkeit im Gesundheitsmanagement, eine Ausbildung [&hellip;]<\/p>\n","protected":false},"author":1,"featured_media":0,"parent":0,"menu_order":20,"comment_status":"closed","ping_status":"closed","template":"","meta":{"_EventAllDay":false,"_EventTimezone":"","_EventStartDate":"","_EventEndDate":"","_EventStartDateUTC":"","_EventEndDateUTC":"","_EventShowMap":false,"_EventShowMapLink":false,"_EventURL":"","_EventCost":"","_EventCostDescription":"","_EventCurrencySymbol":"","_EventCurrencyCode":"","_EventCurrencyPosition":"","_EventDateTimeSeparator":"","_EventTimeRangeSeparator":"","_EventOrganizerID":[],"_EventVenueID":[],"_OrganizerEmail":"","_OrganizerPhone":"","_OrganizerWebsite":"","_VenueAddress":"","_VenueCity":"","_VenueCountry":"","_VenueProvince":"","_VenueState":"","_VenueZip":"","_VenuePhone":"","_VenueURL":"","_VenueStateProvince":"","_VenueLat":"","_VenueLng":"","_VenueShowMap":false,"_VenueShowMapLink":false,"footnotes":""},"class_list":["post-4","page","type-page","status-publish","hentry"],"_links":{"self":[{"href":"https:\/\/farbbewusst.com\/index.php?rest_route=\/wp\/v2\/pages\/4","targetHints":{"allow":["GET"]}}],"collection":[{"href":"https:\/\/farbbewusst.com\/index.php?rest_route=\/wp\/v2\/pages"}],"about":[{"href":"https:\/\/farbbewusst.com\/index.php?rest_route=\/wp\/v2\/types\/page"}],"author":[{"embeddable":true,"href":"https:\/\/farbbewusst.com\/index.php?rest_route=\/wp\/v2\/users\/1"}],"replies":[{"embeddable":true,"href":"https:\/\/farbbewusst.com\/index.php?rest_route=%2Fwp%2Fv2%2Fcomments&post=4"}],"version-history":[{"count":6,"href":"https:\/\/farbbewusst.com\/index.php?rest_route=\/wp\/v2\/pages\/4\/revisions"}],"predecessor-version":[{"id":62,"href":"https:\/\/farbbewusst.com\/index.php?rest_route=\/wp\/v2\/pages\/4\/revisions\/62"}],"wp:attachment":[{"href":"https:\/\/farbbewusst.com\/index.php?rest_route=%2Fwp%2Fv2%2Fmedia&parent=4"}],"curies":[{"name":"wp","href":"https:\/\/api.w.org\/{rel}","templated":true}]}}

Über Mich

<p>Ich glaube, Dinge sind es nur wert getan zu werden, wenn wir sie mit Freude tun.</p>



<figure class="wp-block-image"><img loading="lazy" decoding="async" width="1707" height="2560" src="https://farbbewusst.com/wp-content/uploads/2023/06/1685646546595-scaled.jpg" alt="" class="wp-image-51" srcset="https://farbbewusst.com/wp-content/uploads/2023/06/1685646546595-scaled.jpg 1707w, https://farbbewusst.com/wp-content/uploads/2023/06/1685646546595-200x300.jpg 200w, https://farbbewusst.com/wp-content/uploads/2023/06/1685646546595-683x1024.jpg 683w, https://farbbewusst.com/wp-content/uploads/2023/06/1685646546595-768x1152.jpg 768w, https://farbbewusst.com/wp-content/uploads/2023/06/1685646546595-1024x1536.jpg 1024w, https://farbbewusst.com/wp-content/uploads/2023/06/1685646546595-1366x2048.jpg 1366w" sizes="auto, (max-width: 1707px) 100vw, 1707px" /></figure>



<ul class="wp-block-list">
<li>Freude macht mir die Arbeit für und mit Menschen.</li>



<li>Freude macht mir&nbsp; modische Bekleidung und deren optimale Kombination.</li>



<li>Freude machen mir Farben und was sie in uns bewirken.</li>
</ul>



<p>Das waren meine Beweggründe, warum ich 2013, neben meiner Tätigkeit im Gesundheitsmanagement, eine Ausbildung zur &#8222;Ganzheitlichen Farbberaterin&#8220; am Institut für integrative Farbberatung bei Elke Diemar startete und erfolgreich abschloss.</p>



<p>Abgerundet habe ich dies noch mit einer Weiterbildung&nbsp; zum Thema &#8222;Farb- und typgerechtes Make-up&#8220;.</p>



<p>Und nun möchte ich Sie einladen mit mir gemeinsam sich Ihrer Farben bewusst zu werden.</p>



<p>Rufen Sie mich einfach an, schreiben Sie mir eine Mail oder stöbern Sie hier auf meiner Website für weitere Informationen!</p>



<p>Ihre Antje Weise-Rake</p>

<p>Ich glaube, Dinge sind es nur wert getan zu werden, wenn wir sie mit Freude tun. Das waren meine Beweggründe, warum ich 2013, neben meiner Tätigkeit im Gesundheitsmanagement, eine Ausbildung [&hellip;]</p>
