{"id":2,"date":"2013-12-22T22:26:43","date_gmt":"2013-12-22T22:26:43","guid":{"rendered":"http:\/\/farbbewusst.com\/?page_id=2"},"modified":"2023-06-02T09:32:07","modified_gmt":"2023-06-02T09:32:07","slug":"sample-page","status":"publish","type":"page","link":"https:\/\/farbbewusst.com\/","title":{"rendered":"farbBewusst &#8211; Farben bewusst erleben"},"content":{"rendered":"\n<figure class=\"wp-block-image alignleft\"><a href=\"https:\/\/farbbewusst.com\/wp-content\/uploads\/2013\/12\/LogoRawRainbow_Final.png\"><img loading=\"lazy\" decoding=\"async\" width=\"150\" height=\"150\" src=\"https:\/\/farbbewusst.com\/wp-content\/uploads\/2013\/12\/LogoRawRainbow_Final-150x150.png\" alt=\"LogoRawRainbow_Final\" class=\"wp-image-17\" srcset=\"https:\/\/farbbewusst.com\/wp-content\/uploads\/2013\/12\/LogoRawRainbow_Final-150x150.png 150w, https:\/\/farbbewusst.com\/wp-content\/uploads\/2013\/12\/LogoRawRainbow_Final-300x297.png 300w, https:\/\/farbbewusst.com\/wp-content\/uploads\/2013\/12\/LogoRawRainbow_Final-302x300.png 302w, https:\/\/farbbewusst.com\/wp-content\/uploads\/2013\/12\/LogoRawRainbow_Final.png 565w\" sizes=\"auto, (max-width: 150px) 100vw, 150px\" \/><\/a><\/figure>\n\n\n\n<p><em>&#8222;Kleider machen Leute&#8220;<\/em> &#8211; ein Spruch, dem Sie sicherlich auch schon das ein oder andere Mal zugestimmt haben &#8211; vielleicht im Positiven, vielleicht auch im Negativen.<\/p>\n\n\n\n<p>Das Kleidung gut passen sollte ist das eine, das andere ist die farbliche Abstimmung Ihrer Garderobe.<\/p>\n\n\n\n<p>Welche Farben stehen Ihnen besonders? Welche Farbkombinationen bringen <strong>Sie<\/strong> als Pers\u00f6nlichkeit zur Geltung? Wie k\u00f6nnen Sie Ihre Kleidung und Ihre Accessoires am besten farblich kombinieren?<\/p>\n\n\n\n<p>Welcher Farbtyp sind Sie? &#8211; Finden Sie es mit mir heraus!<\/p>\n\n\n\n<p>Entdecken Sie eine ganz neue Wahrnehmung f\u00fcr Farben. Sp\u00fcren Sie die Wirkung, die Farben auf Sie aus\u00fcben k\u00f6nnen. Gemeinsam finden wir heraus, welches Ihre optimalen Farbt\u00f6ne f\u00fcr<br>ein harmonisches Erscheinungsbild sind. So unterstreichen Sie Ihre pers\u00f6nliche Ausstrahlung, unterst\u00fctzen Ihre \u00e4u\u00dfere und innere Sch\u00f6nheit und f\u00fchlen sich einfach besser. Erfahren<br>Sie eine neue Lebendigkeit, denn<\/p>\n\n\n\n<p><em>&#8222;Die Welt um uns ist so bunt und lebendig, wie wir sie machen&#8220; <\/em><br>P.H. Stevens<\/p>\n\n\n\n<p>Sie k\u00f6nnen sich Ihre Farbberatung entweder einzeln oder innerhalb einer Gruppenberatung g\u00f6nnen.<\/p>\n\n\n\n<p>Innerhalb einer Gruppenberatung f\u00fchre ich bei Ihnen eine Basisbestimmung des Farbtyps durch. Gruppenberatungen haben den Vorteil, dass der Preis pro einzelnem Teilnehmer noch g\u00fcnstiger, im Vergleich zur individuellen Beratung, ist.<\/p>\n\n\n\n<p>Bei einer individuellen Beratung, die in der Regel bis zu zweieinhalb Stunden Zeit braucht, bestimme ich Ihren Farbtyp im Detail in mindestens\u00a0zwei Farbanalysephasen. Au\u00dferdem zeige ich Ihnen wie Sie Ihre Farbt\u00f6ne bei der Kleiderauswahl optimal kombinieren k\u00f6nnen. Zum Abschluss bekommen Sie einen zu Ihrem Farbtyp passenden Farbpass mit dem die Farbauswahl Ihrer Kleidung beim n\u00e4chsten Einkauf ganz leicht f\u00e4llt.<\/p>\n","protected":false},"excerpt":{"rendered":"<p>&#8222;Kleider machen Leute&#8220; &#8211; ein Spruch, dem Sie sicherlich auch schon das ein oder andere Mal zugestimmt haben &#8211; vielleicht im Positiven, vielleicht auch im Negativen. Das Kleidung gut passen [&hellip;]<\/p>\n","protected":false},"author":1,"featured_media":56,"parent":0,"menu_order":0,"comment_status":"closed","ping_status":"closed","template":"","meta":{"_EventAllDay":false,"_EventTimezone":"","_EventStartDate":"","_EventEndDate":"","_EventStartDateUTC":"","_EventEndDateUTC":"","_EventShowMap":false,"_EventShowMapLink":false,"_EventURL":"","_EventCost":"","_EventCostDescription":"","_EventCurrencySymbol":"","_EventCurrencyCode":"","_EventCurrencyPosition":"","_EventDateTimeSeparator":"","_EventTimeRangeSeparator":"","_EventOrganizerID":[],"_EventVenueID":[],"_OrganizerEmail":"","_OrganizerPhone":"","_OrganizerWebsite":"","_VenueAddress":"","_VenueCity":"","_VenueCountry":"","_VenueProvince":"","_VenueState":"","_VenueZip":"","_VenuePhone":"","_VenueURL":"","_VenueStateProvince":"","_VenueLat":"","_VenueLng":"","_VenueShowMap":false,"_VenueShowMapLink":false,"footnotes":""},"class_list":["post-2","page","type-page","status-publish","has-post-thumbnail","hentry"],"_links":{"self":[{"href":"https:\/\/farbbewusst.com\/index.php?rest_route=\/wp\/v2\/pages\/2","targetHints":{"allow":["GET"]}}],"collection":[{"href":"https:\/\/farbbewusst.com\/index.php?rest_route=\/wp\/v2\/pages"}],"about":[{"href":"https:\/\/farbbewusst.com\/index.php?rest_route=\/wp\/v2\/types\/page"}],"author":[{"embeddable":true,"href":"https:\/\/farbbewusst.com\/index.php?rest_route=\/wp\/v2\/users\/1"}],"replies":[{"embeddable":true,"href":"https:\/\/farbbewusst.com\/index.php?rest_route=%2Fwp%2Fv2%2Fcomments&post=2"}],"version-history":[{"count":8,"href":"https:\/\/farbbewusst.com\/index.php?rest_route=\/wp\/v2\/pages\/2\/revisions"}],"predecessor-version":[{"id":66,"href":"https:\/\/farbbewusst.com\/index.php?rest_route=\/wp\/v2\/pages\/2\/revisions\/66"}],"wp:featuredmedia":[{"embeddable":true,"href":"https:\/\/farbbewusst.com\/index.php?rest_route=\/wp\/v2\/media\/56"}],"wp:attachment":[{"href":"https:\/\/farbbewusst.com\/index.php?rest_route=%2Fwp%2Fv2%2Fmedia&parent=2"}],"curies":[{"name":"wp","href":"https:\/\/api.w.org\/{rel}","templated":true}]}}

<figure class="wp-block-image alignleft"><a href="https://farbbewusst.com/wp-content/uploads/2013/12/LogoRawRainbow_Final.png"><img loading="lazy" decoding="async" width="150" height="150" src="https://farbbewusst.com/wp-content/uploads/2013/12/LogoRawRainbow_Final-150x150.png" alt="LogoRawRainbow_Final" class="wp-image-17" srcset="https://farbbewusst.com/wp-content/uploads/2013/12/LogoRawRainbow_Final-150x150.png 150w, https://farbbewusst.com/wp-content/uploads/2013/12/LogoRawRainbow_Final-300x297.png 300w, https://farbbewusst.com/wp-content/uploads/2013/12/LogoRawRainbow_Final-302x300.png 302w, https://farbbewusst.com/wp-content/uploads/2013/12/LogoRawRainbow_Final.png 565w" sizes="auto, (max-width: 150px) 100vw, 150px" /></a></figure>



<p><em>&#8222;Kleider machen Leute&#8220;</em> &#8211; ein Spruch, dem Sie sicherlich auch schon das ein oder andere Mal zugestimmt haben &#8211; vielleicht im Positiven, vielleicht auch im Negativen.</p>



<p>Das Kleidung gut passen sollte ist das eine, das andere ist die farbliche Abstimmung Ihrer Garderobe.</p>



<p>Welche Farben stehen Ihnen besonders? Welche Farbkombinationen bringen <strong>Sie</strong> als Persönlichkeit zur Geltung? Wie können Sie Ihre Kleidung und Ihre Accessoires am besten farblich kombinieren?</p>



<p>Welcher Farbtyp sind Sie? &#8211; Finden Sie es mit mir heraus!</p>



<p>Entdecken Sie eine ganz neue Wahrnehmung für Farben. Spüren Sie die Wirkung, die Farben auf Sie ausüben können. Gemeinsam finden wir heraus, welches Ihre optimalen Farbtöne für<br>ein harmonisches Erscheinungsbild sind. So unterstreichen Sie Ihre persönliche Ausstrahlung, unterstützen Ihre äußere und innere Schönheit und fühlen sich einfach besser. Erfahren<br>Sie eine neue Lebendigkeit, denn</p>



<p><em>&#8222;Die Welt um uns ist so bunt und lebendig, wie wir sie machen&#8220; </em><br>P.H. Stevens</p>



<p>Sie können sich Ihre Farbberatung entweder einzeln oder innerhalb einer Gruppenberatung gönnen.</p>



<p>Innerhalb einer Gruppenberatung führe ich bei Ihnen eine Basisbestimmung des Farbtyps durch. Gruppenberatungen haben den Vorteil, dass der Preis pro einzelnem Teilnehmer noch günstiger, im Vergleich zur individuellen Beratung, ist.</p>



<p>Bei einer individuellen Beratung, die in der Regel bis zu zweieinhalb Stunden Zeit braucht, bestimme ich Ihren Farbtyp im Detail in mindestens zwei Farbanalysephasen. Außerdem zeige ich Ihnen wie Sie Ihre Farbtöne bei der Kleiderauswahl optimal kombinieren können. Zum Abschluss bekommen Sie einen zu Ihrem Farbtyp passenden Farbpass mit dem die Farbauswahl Ihrer Kleidung beim nächsten Einkauf ganz leicht fällt.</p>
